2
Let m(x) = -493*x + 1916. What is m(4)?
-56
Let c(t) = -8*t**2 + 1. Calculate c(2).
-31
Let h(t) = -2655*t - 2657. Determine h(-1).
-2
Let l(r) = 2*r**3 + 251*r**2 - 147*r - 2638. Calculate l(-126).
8
Let k(f) = -57*f - 1657. Calculate k(-29).
-4
Let i(o) = 10*o - 203. Calculate i(9).
-113
Let m(z) = -14*z - 4724. Calculate m(-338).
8
Let s(h) = -10*h - 404. Give s(-46).
56
Let u(h) = -138*h - 34091. Give u(-247).
-5
Let q(k) = -12*k + 21. What is q(-3)?
57
Let o(i) = 152*i**2 + 10*i + 7. What is o(-1)?
149
Let k(b) = 30*b - 164. Calculate k(6).
16
Let f(a) = 280*a + 843. Give f(-3).
3
Let n(o) = 44*o + 33. What is n(-7)?
-275
Let j(o) = 3343*o. Give j(0).
0
Let q(y) = -y**3 - 18*y**2 - 11*y + 129. Determine q(-16).
-207
Let p(a) = a - 118. Calculate p(34).
-84
Let y(z) = -z**3 + 9*z**2 + 169*z - 749. Determine y(4).
7
Let a(s) = s**3 + 8*s**2 + 17*s + 167. What is a(-9)?
-67
Let m(i) = -123*i + 3434. Determine m(28).
-10
Let a(j) = -8*j**2 + 116*j + 132. Determine a(16).
-60
Let i(y) = 122*y - 6064. Calculate i(50).
36
Let d(y) = -14*y**2 - 91*y + 156. Give d(-8).
-12
Let n(i) = -252*i - 3785. Determine n(-15).
-5
Let h(y) = 58*y**2 - 5*y + 18. Calculate h(3).
525
Let d(x) = x**2 + 10*x + 230. Give d(0).
230
Let n(f) = f**2 - 772*f - 69094. Give n(-81).
-1
Let z(r) = -2*r**3 + 26*r**2 - 25*r + 14. Give z(12).
2
Let q(d) = -2*d**3 - 13*d**2 + 26*d + 59. What is q(-8)?
43
Let z(m) = m**3 + 25*m**2 + 125*m + 18. Determine z(-18).
36
Let y(r) = -3*r**2 - 74*r - 8. Calculate y(-25).
-33
Let d(k) = -72*k - 92. What is d(0)?
-92
Let j(k) = -k**3 - 12*k**2 - 12*k + 134. Determine j(-9).
-1
Let l(f) = -12*f**2 + 68*f + 18. Determine l(6).
-6
Let v(n) = -43*n**2 - 130*n + 8. What is v(-3)?
11
Let p(m) = -493*m + 21702. What is p(44)?
10
Let s(c) = c**2 - 50*c - 167. Calculate s(53).
-8
Let v(s) = 3*s**3 + 129*s**2 - 120*s + 522. Calculate v(-44).
-6
Let i(c) = 9*c**2 - 221*c + 30. Determine i(24).
-90
Let x(m) = m**2 + 10*m - 29. What is x(5)?
46
Let c(q) = 83*q - 2813. What is c(34)?
9
Let o(k) = -2*k**3 - 26*k**2 + 4*k - 30. Determine o(0).
-30
Let x(a) = 18*a - 577. Give x(33).
17
Let q(c) = 749*c + 29961. Give q(-40).
1
Let o(m) = m**3 - 4*m**2 + 3*m + 4. Give o(3).
4
Let a(v) = 2*v**2 - 51*v + 183. Give a(4).
11
Let t(v) = 26*v - 12. Give t(1).
14
Let q(n) = -n**3 + 49*n**2 - 14*n + 663. Determine q(49).
-23
Let d(o) = 91*o - 374. Determine d(5).
81
Let p(x) = x**3 - 160*x**2 - 2433*x - 527. Give p(174).
-5
Let p(z) = z**2 - 8*z - 633. What is p(28)?
-73
Let c(q) = 51*q**2 + 12*q - 30. Give c(2).
198
Let l(n) = n**3 - 7*n**2 - 77. Calculate l(7).
-77
Let t(b) = -b**3 - 45*b**2 + 16*b - 1369. What is t(-46)?
11
Let d(l) = 210*l - 5456. Give d(26).
4
Let b(z) = -3*z**2 - 133*z + 108. Determine b(-45).
18
Let s(o) = o**2 - 345*o + 7751. Calculate s(24).
47
Let q(b) = -50*b + 3010. Calculate q(60).
10
Let q(o) = o**3 - 17*o**2 - 77*o + 325. What is q(20)?
-15
Let u(p) = 2*p**2 - 31*p - 15. Give u(17).
36
Let v(m) = -4*m**2 + 48*m - 2. Determine v(0).
-2
Let n(x) = -x**2 - 212*x - 2090. What is n(-10)?
-70
Let b(q) = -40*q**2 + 234*q - 3. What is b(6)?
-39
Let u(h) = -2*h**2 - 58*h - 55. Give u(-22).
253
Let b(w) = 14*w**3 - 237*w**2 - 18*w - 2. Calculate b(17).
-19
Let v(j) = j**3 - 36*j**2 + 15*j + 211. What is v(35)?
-489
Let j(t) = -42*t + 376. Determine j(9).
-2
Let c(d) = 3*d**2 + 39*d - 278. What is c(7)?
142
Let w(p) = -p**3 - 16*p**2 - 61*p - 36. Determine w(-6).
-30
Let g(w) = w**2 - 75*w + 64. What is g(66)?
-530
Let h(z) = -119*z + 715. Determine h(6).
1
Let m(v) = 106*v**2 - 1906*v - 35. Give m(18).
1
Let t(p) = -56*p + 5495. Determine t(98).
7
Let n(r) = r**2 - 20*r - 97. Give n(26).
59
Let y(r) = -4*r + 74. What is y(16)?
10
Let i(y) = -y**2 - 171*y - 689. Give i(-4).
-21
Let g(b) = -562*b - 6748. Calculate g(-12).
-4
Let i(k) = 167*k - 7520. Give i(45).
-5
Let m(z) = -14*z**2 - 102*z - 2. Give m(-7).
26
Let l(t) = -67*t + 685. Calculate l(7).
216
Let c(u) = -u**3 - 29*u**2 + 59*u + 34. What is c(-31)?
127
Let b(m) = 513*m + 4104. Calculate b(-8).
0
Let d(y) = y**3 - 147*y**2 - 303*y + 748. Calculate d(149).
3
Let p(x) = -259*x**3 + 4*x**2 + 2*x - 1. What is p(-1)?
260
Let c(q) = -3*q**3 - 38*q**2 + 16*q + 21. Give c(-13).
-18
Let j(v) = v**3 + 21*v**2 + 21*v + 18. Determine j(-20).
-2
Let i(q) = -q**3 - 8*q**2 - 9*q - 30. What is i(-8)?
42
Let i(k) = -k**2 + 12*k + 145. Give i(16).
81
Let f(r) = -11*r**3 - 4*r**2 - 7*r - 1. Determine f(-1).
13
Let g(p) = 2*p**2 - 88*p + 635. What is g(35)?
5
Let o(x) = -2*x**2 - 51*x - 85. Calculate o(-25).
-60
Let u(k) = 61*k**2 - 13*k + 17. Calculate u(3).
527
Let w(g) = 4*g + 140. Calculate w(9).
176
Let h(z) = z**2 - 52*z - 1921. Determine h(77).
4
Let n(p) = -p**3 + 35*p**2 - 40*p - 52. Calculate n(34).
-256
Let l(g) = -g**2 - 21*g - 190. What is l(-10)?
-80
Let o(n) = -n**3 + 16*n**2 - 9*n + 22. Calculate o(15).
112
Let o(b) = b**3 - 22*b**2 - 10*b + 220. Calculate o(22).
0
Let p(s) = 2*s**3 + 53*s**2 + 230*s - 12. Give p(-21).
9
Let x(c) = 9*c - 455. Determine x(50).
-5
Let y(q) = -6215*q - 37318. What is y(-6)?
-28
Let l(t) = 2*t**3 - t**2 + 3*t + 9. Give l(0).
9
Let y(f) = -f**2 - 28*f + 91. What is y(6)?
-113
Let l(v) = 19*v - 187. Calculate l(10).
3
Let b(r) = r**3 - 6*r**2 + 16*r + 7. Determine b(7).
168
Let z(o) = -o**2 + 34*o + 205. Determine z(-10).
-235
Let l(s) = 2*s**2 + 58*s - 36. What is l(-25)?
-236
Let c(v) = -10*v**2 + 158*v + 1242. Calculate c(-6).
-66
Let p(y) = y**3 - 42*y**2 + 31*y - 1314. What is p(42)?
-12
Let j(x) = x**3 + 4*x**2 + 24*x + 58. Give j(-3).
-5
Let p(k) = k**2 - 2*k - 234. Calculate p(24).
294
Let m(u) = -300*u + 5735. What is m(19)?
35
Let a(j) = j**3 + 25*j**2 + 145*j - 9. Give a(-9).
-18
Let v(b) = -b**3 + 12*b + 42. Calculate v(-3).
33
Let d(u) = -510*u - 5105. Determine d(-10).
-5
Let o(p) = 18*p**2 - 837*p + 70. Give o(46).
-344
Let m(x) = -429*x - 30894. Calculate m(-72).
-6
Let q(t) = 441*t - 9230. What is q(21)?
31
Let y(c) = -c**3 + 4*c**2 - 810*c + 4072. Calculate y(5).
-3
Let m(j) = -j**3 + 5*j**2 + 32*j + 40. What is m(11)?
-334
Let q(y) = 342*y - 1452. Calculate q(4).
-84
Let y(z) = -9*z**2 - 1027*z - 91. Determine y(-114).
23
Let i(s) = -6*s**2 + 13*s + 14. What is i(-1)?
-5
Let c(o) = -60*o - 1214. Give c(-20).
-14
Let l(v) = 16*v**2 - 259*v + 52. Determine l(16).
4
Let f(j) = -38*j + 363. Determine f(11).
-55
Let y(a) = -2*a**2 - 10070*a + 131246. Calculate y(13).
-2
Let m(g) = -24*g - 1593. What is m(-66)?
-9
Let p(a) = 2*a**3 + 35*a**2 - 6*a + 42. Calculate p(-18).
-174
Let z(v) = 23*v + 556. What is z(-26)?
-42
Let w(g) = g**3 + 6*g**2 - 12. Give w(-6).
-12
Let n(r) = r**3 + 14*r**2 + 32*r + 708. What is n(-15)?
3
Let b(i) = -63*i**2 - 10*i - 2. Calculate b(-2).
-234
Let r(d) = d**3 - 11*d**2 - 34*d + 323. What is r(9)?
-145
Let f(c) = 16*c**3 + 5*c**2 - 21*c + 34. What is f(3)?
448
Let g(i) = 182*i - 1740. Determine g(11).
262
Let b(d) = -28*d**2 - 1369*d + 85. What is b(-49)?
-62
Let j(i) = -i**2 + 117*i - 3323. What is j(59)?
99
Let u(b) = -7*b**2 + 192*b + 151. Give u(28).
39
Let q(f) = -81*f - 3421. Calculate q(-39).
-262
Let o(g) = 2*g**2 + 2*g - 3. Determine o(-5).
37
Let y(t) = -25*t + 181. What is y(8)?
-19
Let l(d) = d**3 - 3*d**2 + 46*d - 45. Give l(0).
-45
Let x(u) = 3*u**2 - 233*u - 301. What is x(79)?
15
Let l(x) = 8*x**3 + 3*x**2 + x - 5. What is l(1)?
7
Let b(m) = -m**3 - 4*m**2 + 252*m - 52. Determine b(-19).
575
Let r(i) = -139*i + 587. Calculate r(4).
31
Let k(p) = -p**2 + 152*p - 296. Calculate k(2).
4
Let x(n) = -n**2 - 9*n + 73. What is x(4)?
21
Let y(x) = x**3 + 31*x**2 + 58*x + 9. What is y(-29)?
9
Let r(u) = -257*u + 14168. Determine r(55).
33
Let t(f) = -2*f**3 + 20*f**2 + f + 68. Determine t(11).
-163
Let y(a) = -7*a**2 + 71*a + 1401. Give y(-10).
-9
Let p(d) = -d**2 + 36*d + 145. Determine p(38).
69
Let x(p) = 155*p - 3257. Calculate x(23).
308
Let g(h) = -h**2 + 20*h - 31. What is g(3)?
20
Let m(j) = -7*j**3 - 14*j**2 + 34*j - 10. Determine m(2).
-54
Let p(s) = -10*s**2 + 5*s + 7. Give p(-3).
-98
Let a(r) = 296*r - 59792. What is a(202)?
0
Let o(c) = -4*c**2 + 2*c - 25. What is o(4)?
-81
Let x(m) = -m**3 + 14*m**2 - 15*m + 24. Give x(13).
-2
Let j(d) = 6*d**2 + 134*d + 407. Calculate j(-19).
27
Let f(t) = 